10) is divided by j.
70
Let m(x) be the second derivative of -13*x**3/6 + 13*x**2/2 + x + 12. Calculate the remainder when 387 is divided by m(-4).
62
Let n(m) be the first derivative of 4*m**3 - 2*m**2 + 2*m + 10. Let x be n(1). Calculate the remainder when 133 is divided by (1362/5)/6 - 4/x.
43
Suppose 675*a - 671*a = 6800. Suppose a = -90*w + 100*w. Calculate the remainder when w is divided by 15.
5
Suppose -12 = t - 5*l - 86, 156 = 2*t - 2*l. Let r be ((-98)/(-21))/(2 - 58/30). Let g = r + -50. Calculate the remainder when t is divided by g.
19
Let y = 35 - 10. Let h be (-2)/5 - (365/y + 4). Let u(b) = -2*b - 19. What is the remainder when u(h) is divided by 6?
1
Let z(x) = -21*x - 1. Let a be z(1). Let l = -13 - a. What is the remainder when l is divided by 5 + ((-384)/(-6))/(-16)?
0
Let w = -19236 - -19594. What is the remainder when w is divided by 35?
8
Let u(h) be the third derivative of 4*h**2 - 1/30*h**5 + 1/10*h**6 + 0 - 1/6*h**3 + 0*h + 1/12*h**4. Calculate the remainder when 21 is divided by u(1).
10
Let d(j) = -j**2 - 12*j + 19600. Suppose -4*r + 2*h = -566, -4*r - 2*h = 2*h - 584. Calculate the remainder when r is divided by d(134).
35
Let q = -11563 + 13362. What is the remainder when q is divided by 106?
103
Suppose -708 - 486 = -3*s. What is the remainder when 419 is divided by s?
21
Suppose -171*n + 288 = -163*n. Suppose 6*x = 2*x + 76. Suppose s - x = -q, -2*q - s = 2*q - 85. Calculate the remainder when n is divided by q.
14
Let w(q) = -q**3 - 8*q**2 - 5*q + 11. Let j be w(-7). Let k be 20/j*(2 - (-92)/5). Let a = 235 + k. What is the remainder when a is divided by 34?
31
Let z = -3 + 6. Suppose -z*d + 14 = -16. Calculate the remainder when d is divided by (-31)/(-11) - (-24)/132.
1
Suppose 3*b + 2*g + 15 - 9 = 0, -6 = 3*b - 2*g. Let r(s) = 43*s**2 - 8*s - 12. What is the remainder when r(b) is divided by 18?
14
Let p = 10483 + -10397. Calculate the remainder when 298 is divided by p.
40
Let j(o) = -o**3 - 31*o**2 - 35*o - 136. Suppose -2*l + 16 = -0. Calculate the remainder when (-18 - -3)*l/(-3) is divided by j(-30).
12
Let p = 2181 + -1527. Calculate the remainder when p is divided by 110.
104
Let t = -17071 + 17191. Calculate the remainder when 1341 is divided by t.
21
Let h = 490 - 454. Suppose 0 = h*i - 41*i + 65. Calculate the remainder when 96 is divided by i.
5
Suppose 4*d = -d + 55. Suppose -6*c + 117 = -4*v - 5*c, -5*v = -c + 145. What is the remainder when -15 + -1 + 7 - v is divided by d?
8
Calculate the remainder when (-313024)/(-4745) - 8/(-260) is divided by 20.
6
Let n = 305 - 302. Suppose 2*c - 112 = -n*q - 0, 0 = -q - c + 39. What is the remainder when 98 is divided by q?
30
Suppose -5*s = 4*x - 75, -4*x + 0 = -2*s + 2. Let m be (958 - -11)*6/9. Suppose -31*z + m = -594. Calculate the remainder when z is divided by s.
7
Suppose 2*q = 6*q - 136. Let v(l) = 301*l**2 + 3309*l + 17. Calculate the remainder when v(-11) is divided by q.
5
Let k(s) = 2*s**2 - 14*s + 7. Let t be k(7). Suppose -3*b - 356 = -t*b. Suppose 2*g - b = g. What is the remainder when g is divided by 18?
17
Suppose -6*d + 6*p - 128 = -8*d, 3*p - 272 = -5*d. Calculate the remainder when 8837 is divided by d.
49
Let d = -15912 - -15961. Calculate the remainder when 3088 is divided by d.
1
Let n be (9 + 1 - 6) + 12. What is the remainder when 29 is divided by 14/(-56) - (-164)/n?
9
Let x be (-6)/(-9) - 7/(-3). Suppose -2*s - 35 = -7*s - 2*z, 2*s = -3*z + 14. Let r = s - x. Calculate the remainder when 14 is divided by r.
2
Let p(k) = 4*k**3 - k**2 + 3. Let h be p(3). Suppose -2*b = -4*b - h. Let f = -29 - b. What is the remainder when f is divided by 12?
10
Let t be (376/40 - 7)/((-6)/105). What is the remainder when 117 is divided by ((-30)/(-3))/(t/(-18) - 2)?
27
Let k(b) = -3*b + 29. Let h be k(-12). What is the remainder when 177 is divided by h - (4 + -1 + 1)?
55
Suppose 3*y - 659 = -n, -2 = -4*n - 18. Calculate the remainder when y is divided by 98.
25
Let n = 591 - 533. Suppose n*a = 53*a + 2145. Calculate the remainder when a is divided by 109.
102
Suppose 4*d = 4, d = -3*x + 5*d + 8. Suppose -18*h - 3*o + 25 = -14*h, 4 = -x*o. What is the remainder when 139 is divided by h?
6
Let n(o) = -43*o**2 + 3239*o + 7. What is the remainder when n(75) is divided by 46?
45
Let r(h) be the first derivative of h**3 + 3*h**2 - 27*h - 68. Calculate the remainder when 268 is divided by r(4).
43
Suppose 0 = -f + 15*f + 28. Calculate the remainder when 112 is divided by (7 - 3 - -2)/(f/(-10)).
22
Let q = -508 + 515. Suppose 2*n = 2*w + 18, -11*n + 68 = -q*n + 4*w. What is the remainder when 309 is divided by n?
10
Let o = 1926 + -1896. Calculate the remainder when 133 is divided by o.
13
Let v = 2377 + -2351. Calculate the remainder when v is divided by 2.
0
Let z = 143 - 141. Suppose 3*c - 7*c = -z*r - 162, -4*r - 37 = -c. Calculate the remainder when 408 is divided by c.
39
Let x = 9229 + -9111. What is the remainder when 1885 is divided by x?
115
What is the remainder when 2845 is divided by -2 + 108/63 + (-3591)/(-49)?
71
Suppose -5*k + 15 = 5. Suppose w + 64 = k*z, 3*w + 56 - 164 = -4*z. Calculate the remainder when 70 is divided by (z*-1)/(4 - 6).
10
Let u(r) = -r**3 - 12*r**2 - 20. Let q(l) = l - 4*l**2 - 7*l**2 + 10*l**2. Let d(f) = -3*q(f) + u(f). Calculate the remainder when 26 is divided by d(-9).
5
Let x = 561 + -240. Suppose -x = -32*y + 1791. What is the remainder when y is divided by 17?
15
Suppose -12 = -2*n, 25*t + 4*n - 14 = 26*t. Calculate the remainder when 708 is divided by t.
8
Let p(l) = 140*l**2 - 101*l + 34. Calculate the remainder when p(-9) is divided by 21.
19
Let m be 100/45 + (-4)/18. Suppose -m*o = -4*u - 118, 0 = 2*o + 8*u - 3*u - 109. Calculate the remainder when o is divided by 12.
9
What is the remainder when (-284)/(-497)*7 + (-2140)/(-2) + 0 is divided by 266?
10
What is the remainder when 592 is divided by 65278/254 + (-26 - 1)?
132
Suppose -2*m = -3*g - 177, m + 5*g - 104 = -35. Let d = -3942 - -3964. What is the remainder when m is divided by d?
18
Let x(j) = j**3 - 4*j**2 - 3*j + 23. Let f be x(-7). Let n = -452 - f. What is the remainder when n is divided by 22?
21
Suppose 4*i + 3 - 19 = 0. Suppose -3*p = -5*r + 55, i = 3*r + p - 15. Suppose r*x - 34 + 2 = 0. What is the remainder when 19 is divided by x?
3
Let f = 63 - 26. Let z be 1 - 5 - (-1 - 3). Suppose z = 3*m - 8*m + 50. Calculate the remainder when f is divided by m.
7
Suppose -5*f + 2*c = -26, 185*c - 180*c = -15. What is the remainder when (-8)/10*10/(-2) is divided by f?
0
Let f be (-2)/(-11) - (2 - (-2355)/(-55)). Let y = f + -83. Let v = y - -82. Calculate the remainder when v is divided by 11.
7
Suppose 0 = -w + 5*c + 2404, 36*c = -4*w + 38*c + 9490. Calculate the remainder when w is divided by 1180.
9
Suppose t + 16*c = 21*c + 216, -4*t - 2*c + 886 = 0. What is the remainder when t is divided by 56?
53
Calculate the remainder when (-12 + (-121)/(-11))*-68 is divided by 8.
4
Suppose 3*t = 3*w + 7526 - 1160, -3*t + 5*w = -6366. What is the remainder when t is divided by 37?
13
Calculate the remainder when 201 is divided by -14 + 5 + 12 + 28.
15
Suppose -4*n - 3*q = -38, -3*n + 15 = 3*q - 15. What is the remainder when 46 is divided by n?
6
Suppose 6*s - 12952 = s - 3*n, -4*n = 3*s - 7780. What is the remainder when s is divided by 35?
33
Let l be (-358)/(-6)*7 - 1/(-3). Suppose 19*o - 15*o + 685 = 5*f, l = 3*f - o. Calculate the remainder when f is divided by 29.
25
Suppose 0*p - 4*p = 0. Suppose -2*h - 4*g + 0*g + 88 = p, 2*g + 148 = 3*h. Calculate the remainder when 88 is divided by h.
40
Let v(g) = -g**3 + 12*g**2 + 14*g + 1. Let a be v(13). Suppose -8*d - 66 = -a*d. Calculate the remainder when 10 is divided by (1 + 3)/(d/((-33)/(-2))).
4
Let d be ((-2)/7)/((-14)/2842). Let y(l) = 14*l**2 - l - 1. Let i be y(-1). Let c = d - i. What is the remainder when c is divided by 23?
21
Suppose 90*q = 89*q + 138. What is the remainder when 272 is divided by q?
134
Let d = -7545 + 7572. What is the remainder when d is divided by 1/(-3) - 40/(-12)?
0
Let m = 23 - 15. Suppose -5*y + 49 = 3*r, -29*y - 15 = -30*y + 2*r. What is the remainder when y is divided by m?
3
Suppose -2*z - 42 = -5*o, 0*o + o - 5*z = -10. Suppose 203*h - 176*h - 30564 = 0. Sup